 9, what is -755 + -2?
-757
In base 13, what is 64 - -c5?
159
In base 12, what is 93a - 2?
938
In base 16, what is 47 + -5?
42
In base 16, what is 22 - -2e?
50
In base 2, what is -1000001 + 110?
-111011
In base 11, what is -4a2 - 4?
-4a6
In base 2, what is -10000101101 - 10011?
-10001000000
In base 13, what is 6111 + 0?
6111
In base 3, what is 101 - 100212?
-100111
In base 15, what is 2 + -513?
-511
In base 6, what is 424 - 12?
412
In base 12, what is 17 - -24?
3b
In base 13, what is b + 3?
11
In base 14, what is 62 + 1?
63
In base 5, what is 4 + -2210?
-2201
In base 6, what is -5 - -2423?
2414
In base 13, what is -20 + -6?
-26
In base 6, what is 12 - -14?
30
In base 9, what is 4 + -3254?
-3250
In base 3, what is 1 + -20221?
-20220
In base 4, what is -21 + -2320?
-3001
In base 3, what is 10 - -101020?
101100
In base 6, what is 5 - 125?
-120
In base 15, what is -e6 - 1?
-e7
In base 14, what is -4 - 6?
-a
In base 13, what is -276 - 2?
-278
In base 5, what is -112 - 112?
-224
In base 13, what is -5 + -576?
-57b
In base 6, what is 11515 - -13?
11532
In base 11, what is 0 - -96?
96
In base 3, what is 0 - -2120?
2120
In base 4, what is 1032 + 1?
1033
In base 4, what is 1010 - 10131?
-3121
In base 12, what is 3 + -13?
-10
In base 5, what is -1 + 1231?
1230
In base 3, what is 101 - -1110211?
1111012
In base 2, what is 101011001110 - 1?
101011001101
In base 3, what is -20 - 20210?
-21000
In base 14, what is 7 + 5?
c
In base 14, what is -5 + -351?
-356
In base 7, what is -5 - 1605?
-1613
In base 13, what is -c + -6a?
-79
In base 14, what is -cc + -2?
-d0
In base 3, what is -111 - 101?
-212
In base 7, what is -3 - 2031?
-2034
In base 11, what is -206 + -16?
-221
In base 16, what is 3 - -41c?
41f
In base 12, what is -b870 + 2?
-b86a
In base 9, what is 326 + 7?
334
In base 5, what is 3130 - 2?
3123
In base 15, what is -149 - 8?
-152
In base 10, what is 2 - -144?
146
In base 8, what is -1 - -5377?
5376
In base 4, what is 2311013 - 3?
2311010
In base 13, what is 4 - 36b?
-367
In base 12, what is 4 + 775?
779
In base 9, what is -806 - -2?
-804
In base 9, what is 5 - 110?
-104
In base 4, what is -10121 + 3?
-10112
In base 4, what is 1 - -122?
123
In base 13, what is -2b - 42?
-70
In base 3, what is 2 - 110201211?
-110201202
In base 5, what is 1222 - 0?
1222
In base 12, what is -3 - -117?
114
In base 8, what is 776 - 3?
773
In base 10, what is 8 + 250?
258
In base 3, what is -2011202 + 12?
-2011120
In base 4, what is -2 + -311?
-313
In base 10, what is -2 + 48?
46
In base 7, what is -15 - -666?
651
In base 8, what is -4 - 33?
-37
In base 14, what is 19d21 - 3?
19d1c
In base 5, what is 2012 - -13?
2030
In base 14, what is 35 - 0?
35
In base 12, what is 8330 - 4?
8328
In base 8, what is -2621 + 14?
-2605
In base 4, what is -2 - 333?
-1001
In base 16, what is -3 - -99?
96
In base 2, what is -1001001111 + 10110?
-1000111001
In base 2, what is -110101 - -11?
-110010
In base 9, what is 4 + -600?
-585
In base 3, what is 102211 + -1010?
101201
In base 9, what is 7 + -27?
-20
In base 13, what is -2 + -2ca?
-2cc
In base 14, what is -5 + 115?
110
In base 13, what is b + -19?
-b
In base 7, what is -1 - 46?
-50
In base 6, what is -52200 + 2?
-52154
In base 10, what is -1 + -10?
-11
In base 9, what is -1567 + -3?
-1571
In base 7, what is 3 - 61?
-55
In base 13, what is 26 + 4?
2a
In base 8, what is -4 + 177?
173
In base 12, what is 128 - -18?
144
In base 6, what is 13452 - 4?
13444
In base 13, what is -1a - 5?
-22
In base 3, what is 2 + -111020?
-111011
In base 6, what is 0 - 54?
-54
In base 2, what is -100 - 1001110?
-1010010
In base 3, what is -22 - -1000?
201
In base 7, what is 3 + 14341?
14344
In base 7, what is 5 - -54?
62
In base 11, what is 18 - 12?
6
In base 12, what is -a23 - 0?
-a23
In base 8, what is 5363 + 4?
5367
In base 16, what is -d7d - 1?
-d7e
In base 16, what is 5 + -16b6?
-16b1
In base 3, what is 2002210 + 0?
2002210
In base 15, what is -4 + -11?
-15
In base 15, what is -4 - -2bb?
2b7
In base 2, what is -1 + 1110?
1101
In base 13, what is -692 + 2?
-690
In base 16, what is 5 - 1f6?
-1f1
In base 5, what is 43 - 113?
-20
In base 15, what is -5 - -51?
4b
In base 4, what is 102333 - 0?
102333
In base 12, what is -36 + -2?
-38
In base 9, what is -4 + 22?
17
In base 12, what is 0 + 35?
35
In base 12, what is 1016 - 4?
1012
In base 10, what is -3 - -753?
750
In base 6, what is -3 - 510?
-513
In base 3, what is -10 - 12020?
-12100
In base 7, what is 46 + 3?
52
In base 11, what is 272 - -1?
273
In base 7, what is -54 + -135?
-222
In base 11, what is -89 - 8?
-96
In base 14, what is -5 - 270?
-275
In base 6, what is 10 + -31?
-21
In base 16, what is 0 + -12?
-12
In base 12, what is 108 - 2b?
99
In base 7, what is -355 - 1?
-356
In base 10, what is -2 - -135?
133
In base 9, what is 3 - -1233?
1236
In base 15, what is 5 + 112?
117
In base 14, what is -9 - -ac?
a3
In base 10, what is -1 - 5?
-6
In base 11, what is 12 - 1a3?
-191
In base 9, what is -11 + 18?
7
In base 9, what is 47 + -2?
45
In base 16, what is -8 - 3d?
-45
In base 9, what is -26 + -152?
-178
In base 13, what is ca - -5?
102
In base 12, what is -18 + -65?
-81
In base 4, what is -11100 - -11?
-11023
In base 14, what is 1c67 + -2?
1c65
In base 14, what is 1017 - -2?
1019
In base 4, what is 1013 + 30?
1103
In base 10, what is -2470 + -2?
-2472
In base 3, what is 0 - -12022?
12022
In base 14, what is -1637 + 2?
-1635
In base 6, what is 1352 + 2?
1354
In base 16, what is -b33 + -2?
-b35
In base 9, what is 5 + -556?
-551
In base 8, what is 4 - 112?
-106
In base 7, what is -2 - 255?
-260
In base 2, what is 100000000000 + -10?
11111111110
In base 16, what is 11 - 1fa?
-1e9
In base 11, what is 5 + 64?
69
In base 5, what is -24 - -110?
31
In base 2, what is -1011 + -101101010?
-101110101
In base 16, what is 7f - -21?
a0
In base 7, what is 10 - -162?
202
In base 2, what is 110101 + -1011010?
-100101
In base 8, what is 1132 - -11?
1143
In base 14, what is -3 - -2c?
29
In base 10, what is -2 - -65?
63
In base 15, what is 595 - 0?
595
In base 13, what is -9 + -18?
-24
In base 4, what is -1 + -1031001?
-1031002
In base 2, what is -1110 - -10000?
10
In base 13, what is 2 + b5?
b7
In base 16, what is 23 - 22?
1
In base 16, what is ab - 0?
ab
In base 8, what is 1176 - 3?
1173
In base 6, what is 1 - 2135?
-2134
In base 6, what is 52 - 3?
45
In base 13, what is 4 - 63?
-5c
In base 9, what is 80 + 2?
82
In base 9, what is 8121 + 5?
8126
In base 9, what is 212 - -17?
230
In base 10, what is 0 - 820?
-820
In base 9, what is -842 + 0?
-842
In base 16, what is 6d - -1?
6e
In base 12, what is -114b - 1?
-1150
In base 2, what is -1 + 101?
100
In base 15, what is -9a - -3?
-97
In base 16, what is 96e - 1?
96d
In base 10, what is 323 + -4?
319
In base 10, what is 31 + 20?
51
In base 14, what is 384 - 3?
381
In base 7, what is -545 + 2?
-543
In base 5, what is 20 - 0?
20
In base 14, what is -5b + -7?
-64
In base 5, what is -10311 - 2?
-10313
In base 4, what is -103 + -120?
-223
In base 9, what is -2 + -63?
-65
In base 4, what is -33 + -321?
-1020
In base 3, what is -100 - 1011?
-1111
In base 6, what is -5 - 2024?
-2033
In base 16, what is -288 + -3?
-28b
In base 6, what is 2 + -11030?
-11024
In base 13, what is 1 - 11a?
-119
In base 14, what is 5 - -2ab1?
2ab6
In base 11, what is -33 + -10?
-43
In base 7, what is -1352 - 4?
-1356
In base 4, what is -2 + -2013200?
-2013202
In base 6, what is -5 + 425?
420
In base 10, what is 155 + -27?
128
In base 11, what is 26 + 2?
28
In base 16, what is 1c - a5?
-89
In base 8, what is 2 - -1571?
1573
In base 9, what is 187 + -5?
182
In base 6, what is 125 - 5?
120
In base 7, what is -455 + -5?
-463
In base 7, what is 1 - 32?
-31
In base 14, what is 5 - bc?
-b7
In base 12, what is -45 - 8?
-51
In base 5, what is 3 - -22132?
22140
In base 12, what is -2 + -119?
-11b
In base 2, what is 1010011 + -100011?
110000
In base 10, what is 4036 - -3?
4039
In base 13, what is -b91 + 5?
-b89
In base 7, what is -2 + 1453?
1451
In base 3, what is 10 - 210?
-200
In base 2, what is 101 + 1101000?
1101101
In base 3, what is -2 - 20200?
-20202
In base 2, what is -100 + -100110?
-101010
In base 4, what is -132 - -23212?
23020
In base 8, what is 14 - -105?
121
In base 9, what is 5 + -1?
4
In base 13, what is 32 - -